t common divisor of 15 and 3479201790.
15
What is the highest common factor of 1011024223 and 37?
37
What is the highest common factor of 84 and 118812162?
42
What is the greatest common divisor of 14634013 and 2725?
109
What is the highest common divisor of 350 and 5099108350?
350
What is the greatest common factor of 32890924 and 550?
22
Calculate the highest common factor of 164256 and 1018045.
1711
What is the highest common factor of 186 and 192960120?
186
Calculate the highest common factor of 46389889 and 7.
7
What is the greatest common factor of 3 and 160078641?
3
What is the greatest common factor of 7484216 and 31301?
113
Calculate the highest common factor of 29175 and 365325.
75
What is the greatest common divisor of 17600 and 1237440?
320
What is the greatest common divisor of 20069 and 75213?
61
What is the highest common factor of 253685 and 191535?
565
Calculate the highest common factor of 8397 and 193888907.
311
Calculate the greatest common factor of 12032465 and 89875.
3595
Calculate the greatest common divisor of 87880 and 10540.
20
What is the highest common factor of 8862534 and 162?
162
Calculate the greatest common factor of 221 and 2593461.
13
Calculate the highest common divisor of 19019 and 899327.
2717
Calculate the greatest common divisor of 4968 and 4283928.
216
What is the greatest common factor of 300 and 17271900?
300
What is the greatest common divisor of 15374985 and 30?
15
What is the highest common divisor of 4893690 and 14130?
4710
Calculate the highest common divisor of 6804195 and 30.
15
Calculate the greatest common factor of 7763391 and 2911.
41
Calculate the greatest common factor of 44304 and 12688.
208
Calculate the greatest common factor of 395240 and 86991360.
9640
What is the greatest common factor of 698 and 7258502?
698
Calculate the highest common divisor of 95216 and 187188705.
5951
What is the greatest common factor of 9363783 and 46?
23
Calculate the highest common factor of 3185 and 135726080.
245
What is the greatest common divisor of 41439 and 969?
57
What is the highest common divisor of 81 and 22783842?
81
Calculate the greatest common factor of 3079503 and 1421.
49
Calculate the highest common divisor of 22 and 16168262.
22
What is the greatest common factor of 276508 and 236?
4
Calculate the greatest common divisor of 6713752 and 400.
8
Calculate the highest common divisor of 200 and 33991400.
200
What is the highest common divisor of 291 and 6857221?
97
What is the greatest common divisor of 2375095 and 26657?
437
Calculate the greatest common divisor of 4737845 and 23520.
35
Calculate the highest common factor of 2374960 and 216.
8
Calculate the highest common divisor of 51 and 20027989.
17
Calculate the greatest common divisor of 13202079 and 151989.
5241
What is the highest common factor of 6004 and 353446?
158
What is the greatest common divisor of 253664 and 43520?
32
Calculate the greatest common factor of 878462 and 27911.
1469
Calculate the greatest common divisor of 6073768 and 136.
8
What is the highest common divisor of 806 and 1699477?
13
What is the highest common divisor of 2574 and 451?
11
What is the greatest common factor of 82824 and 513706?
986
Calculate the greatest common divisor of 243872 and 1600.
32
What is the highest common factor of 16768 and 4665958?
262
What is the highest common divisor of 1017848 and 8320?
104
Calculate the highest common divisor of 52 and 8421907.
13
What is the highest common divisor of 42392 and 112630245?
5299
Calculate the highest common factor of 49541102 and 1222.
1222
What is the highest common factor of 134 and 996610997?
67
Calculate the highest common factor of 1945930 and 980.
70
What is the greatest common factor of 389070 and 90112?
22
What is the greatest common divisor of 176097 and 141?
3
What is the greatest common divisor of 80 and 40308304?
16
What is the highest common divisor of 741780 and 1024?
4
Calculate the highest common divisor of 208 and 1150328920.
104
Calculate the highest common divisor of 179322 and 61674.
114
Calculate the greatest common divisor of 32016954 and 12.
6
Calculate the greatest common divisor of 361373631 and 943.
943
What is the highest common factor of 150 and 1026677325?
75
Calculate the greatest common divisor of 1065822 and 3774.
222
Calculate the greatest common factor of 2 and 4177253.
1
Calculate the highest common divisor of 26784 and 8912.
16
Calculate the greatest common factor of 52 and 207061764.
52
Calculate the greatest common divisor of 7921520 and 2340.
20
Calculate the highest common factor of 124033 and 269122.
329
What is the greatest common factor of 410770 and 40?
10
What is the highest common factor of 2574 and 27169038?
234
What is the greatest common divisor of 63872 and 8493479?
499
Calculate the highest common divisor of 267385032 and 72.
72
Calculate the highest common divisor of 6171 and 13733841.
561
What is the greatest common divisor of 636 and 52201212?
12
Calculate the highest common divisor of 2352 and 146616.
24
Calculate the highest common factor of 12096600 and 12200.
200
Calculate the greatest common factor of 32074350 and 270.
30
Calculate the greatest common divisor of 330672 and 3886392.
1992
What is the highest common divisor of 9058400 and 546050?
3350
What is the highest common factor of 174 and 48617160?
6
Calculate the highest common divisor of 518 and 91633682.
518
What is the greatest common factor of 66236961 and 147?
21
Calculate the highest common divisor of 276 and 13394694.
138
Calculate the highest common divisor of 578688 and 13932352.
8768
Calculate the highest common divisor of 287986 and 357339.
311
What is the highest common factor of 161844681 and 2661?
2661
Calculate the greatest common divisor of 419076 and 279.
9
Calculate the highest common divisor of 1757683 and 115.
23
What is the highest common factor of 2490608 and 3472?
16
What is the highest common divisor of 2628745 and 30016?
469
Calculate the greatest common divisor of 5046412 and 1568.
196
What is the highest common factor of 182910054 and 1194?
1194
Calculate the greatest common factor of 681 and 210387459.
681
Calculate the highest common factor of 3377 and 149156564.
307
Calculate the greatest common divisor of 555320 and 6520.
40
What is the highest common divisor of 2560 and 19542400?
640
Calculate the greatest common divisor of 11084 and 162348.
652
What is the highest common factor of 21279 and 1001?
1
Calculate the highest common factor of 1323 and 1072365.
147
Calculate the highest common factor of 522 and 9239632.
58
What is the greatest common factor of 10658457 and 723699?
3789
Calculate the highest common factor of 10081827 and 27279.
63
What is the highest common factor of 16967 and 9044304?
893
What is the greatest common divisor of 46314 and 14089914?
1494
Calculate the highest common divisor of 18847 and 26743.
47
What is the highest common divisor of 6256 and 12346584?
184
Calculate the greatest common factor of 60 and 9767985.
15
What is the greatest common factor of 220 and 25252645?
55
Calculate the highest common factor of 6154 and 2438344.
34
What is the highest common divisor of 1545 and 569115?
15
What is the highest common factor of 30 and 166591308?
6
What is the highest common divisor of 369972785 and 4165?
4165
What is the highest common divisor of 930167427 and 1071?
357
Calculate the greatest common factor of 70 and 174545.
35
Calculate the highest common factor of 1979447 and 68779.
631
Calculate the highest common factor of 2323 and 69204493.
2323
Calculate the greatest common divisor of 281838 and 2727216.
642
Calculate the greatest common divisor of 1044500331 and 14028.
3507
What is the greatest common factor of 7623 and 417773433?
2541
What is the greatest common divisor of 116 and 1189784682?
58
Calculate the greatest common divisor of 7526980 and 55.
5
What is the greatest common factor of 4565 and 14953280?
415
What is the highest common divisor of 136682420 and 560?
140
Calculate the highest common factor of 1672 and 68533.
19
Calculate the greatest common divisor of 30300 and 53934.
606
What is the highest common factor of 297 and 31636440?
297
What is the highest common factor of 22 and 515185044?
22
Calculate the gr